{"id":29668,"date":"2025-11-26T07:36:20","date_gmt":"2025-11-26T07:36:20","guid":{"rendered":"https:\/\/hardnesstests.com\/?post_type=product&#038;p=29668"},"modified":"2025-11-27T06:06:02","modified_gmt":"2025-11-27T06:06:02","slug":"pchbst-3000z-visual-touch-screen-digital-brinell-hardness-tester","status":"publish","type":"product","link":"https:\/\/hardnesstests.com\/de_de_formal\/produkt\/pchbst-3000z-visual-touch-screen-digital-brinell-hardness-tester\/","title":{"rendered":"(PCHBST-3000Z )Visuelles digitales Brinell-H\u00e4rtepr\u00fcfger\u00e4t mit Touchscreen"},"content":{"rendered":"<p>Integration eines industriellen Tablet-Computers, Unterst\u00fctzung von USB-Erweiterungen<\/p>\n<p>Visuelle Anzeige des Eindrucks und automatische H\u00e4rtemessung<\/p>\n<p>Erstellen Sie automatisch einen WORD-Bericht, der den Anforderungen des Testpersonals entspricht.<\/p>\n<p style=\"font-weight: 400;\">PCHBS-3000Z Visuelles digitales Brinell-H\u00e4rtepr\u00fcfger\u00e4t kann ganz einfach mit einem Touch-Tablet-Computer gemessen werden! Und alle f\u00fcr die Pr\u00fcfung erforderlichen Parameter k\u00f6nnen direkt auf dem Computer ausgew\u00e4hlt, ge\u00e4ndert und analysiert werden. Das PC-Terminal ist \u00fcber ein Kommunikationsprotokoll mit dem H\u00e4rtepr\u00fcfger\u00e4t verbunden, um die mechanischen, beweglichen Teile des H\u00e4rtepr\u00fcfers zu steuern. Es kann Folgendes realisieren: automatische Multifunktionsturmposition, automatische Identifizierung von Objektiv und Eindringk\u00f6rper, automatische Beladung, automatische Lasthaltung, automatische Entladung und Lichthelligkeit. Durch die Verkn\u00fcpfung mit dem eingebauten CCD-Mess- und Erfassungssystem kann die Dynamik des Eindrucks in Echtzeit auf dem PC angezeigt werden, und der Eindruck kann auch direkt gesperrt werden, um den H\u00e4rtewert automatisch zu messen, die Pr\u00fcfdaten automatisch zu speichern und einen Bericht zu erstellen. Die Bedienung ist sehr einfach und schnell und eliminiert von Menschen verursachte Messfehler... Mit dem Tablet-Computer als Plattform k\u00f6nnen weitere Anwendungsfunktionen \u00fcber das Internet erweitert werden, und externe Displays, Drucker und andere Ger\u00e4te k\u00f6nnen ebenfalls angeschlossen werden.<\/p>\n<p style=\"font-weight: 400;\">Das Softwaresystem des H\u00e4rtepr\u00fcfers basiert auf intelligenter Computerprogrammierung, verwendet fotoelektrische Sensortechnologie und w\u00e4hlt die Pr\u00fcfbedingungen unabh\u00e4ngig aus. Auf dem 5,6-Zoll-Touch-Multifunktionsdisplay k\u00f6nnen die Pr\u00fcfmethode, der obere und untere Grenzbereich angezeigt und die Eindrucksl\u00e4nge, der H\u00e4rtewert und der Umrechnungswert gemessen werden. Sie k\u00f6nnen die Pr\u00fcfkraft, die Haltezeit und die Anzahl der Messungen eingeben und Jahr, Monat, Datum, Pr\u00fcfergebnisse und Datenverarbeitung usw. eingeben und die Messdaten \u00fcber einen eingebauten Drucker ausgeben oder \u00fcber eine Datenschnittstelle an einen Computer anschlie\u00dfen. Das optische System verwendet eine optische LED-Messung mit hoher Vergr\u00f6\u00dferung, die Bildsch\u00e4rfe ist hoch, die Helligkeit ist einstellbar und der Langzeitbetrieb ist nicht f\u00fcr Erm\u00fcdung geeignet. Das Hardwaresystem verwendet eine fortschrittliche elektronische Sensorladetechnik. Durch das geschlossene Kontrollsystem steuert die CPU den Sensor, um Signale zu sammeln. Der Schrittmotor l\u00e4dt und entl\u00e4dt die Testkraft automatisch und kann die Testkraft automatisch kompensieren, um genauere Kraftwerte und bessere Anzeigen zu gew\u00e4hrleisten. Stabilisieren. Gleichzeitig ist das Ger\u00e4t mit einer Not-Aus-Vorrichtung ausgestattet, die den EU-CE-Sicherheitsstandards entspricht. Mit humanisierter Bedienbarkeit, zuverl\u00e4ssiger Stabilit\u00e4t und Sicherheit.<\/p>\n<table>\n<tbody>\n<tr>\n<td>\n<h1><strong>Die wichtigsten Funktionen und Merkmale:<\/strong><\/h1>\n<\/td>\n<\/tr>\n<\/tbody>\n<\/table>\n<ol>\n<li>Diese Maschine zeichnet sich durch hohe Pr\u00e4zision, hohe Wiederholgenauigkeit und Stabilit\u00e4t, einfache Bedienung, Bequemlichkeit und Praxisn\u00e4he sowie eine hohe Kostenwirksamkeit aus;<\/li>\n<li>Das System fordert Sie automatisch auf, die Mindestdicke des Produkts zu messen;<\/li>\n<li>Besitzt die Testf\u00e4higkeit der Stufe 10 und kann einen gr\u00f6\u00dferen Bereich testen;<\/li>\n<li>Ausgestattet mit einem Okular mit digitaler Anzeige und einem pr\u00e4zisen Datenberechnungssystem, kann der H\u00e4rtewert mit nur einem Fingertipp direkt angezeigt werden;<\/li>\n<li>Ausgestattet mit einem eingebauten Drucker zur Ausgabe der Messdaten oder zum Anschluss an den Computer, um die Messdaten des Hosts zur Bearbeitung und Speicherung an den Computer zu \u00fcbertragen;<\/li>\n<li>Ausgestattet mit einem leistungsstarken Schrittmotor zum automatischen Be- und Entladen der Testkraft, ist der L\u00e4rm, der w\u00e4hrend des Tests entsteht, geringer<\/li>\n<li style=\"font-weight: 400;\">Durch die Verwendung von fotoelektrischer Sensortechnologie und einem Mikrocomputer-Steuerungssystem kann es automatisch kompensieren, und die Testergebnisse sind genau und stabil;<\/li>\n<li>Geben Sie automatisch den Eindrucksdurchmesser ein und zeigen Sie direkt den H\u00e4rtewert an. So k\u00f6nnen Sie jede beliebige H\u00e4rteeinheit doppelt anzeigen lassen, ohne dass Sie eine umst\u00e4ndliche Pr\u00fcftabelle ben\u00f6tigen;<\/li>\n<li>Eigenst\u00e4ndiges Design der hochvergr\u00f6\u00dfernden optischen LED-Messung, hohe Bildsch\u00e4rfe, einstellbare Helligkeit, Langzeitbetrieb ist nicht f\u00fcr Erm\u00fcdung geeignet;<\/li>\n<li>Die Schale wird auf einmal gegossen, die Struktur ist stabil und verformt sich nicht, und sie kann in einer relativ rauen Umgebung arbeiten;<\/li>\n<li>Die Oberfl\u00e4che ist mit dem Autolackverfahren behandelt, das eine starke Kratzfestigkeit aufweist und auch nach jahrelangem Gebrauch noch wie neu ist;<\/li>\n<\/ol>\n<h1 style=\"font-weight: 400;\"><strong>Hauptzweck und Anwendungsbereich:<\/strong><\/h1>\n<ol>\n<li style=\"font-weight: 400;\">Er eignet sich f\u00fcr die H\u00e4rtepr\u00fcfung von Metallwerkstoffen mit gro\u00dfen Kristallk\u00f6rnern, die die umfassende Leistungsf\u00e4higkeit des Materials widerspiegeln k\u00f6nnen;<\/li>\n<li style=\"font-weight: 400;\">Gusseisen, Stahl, Nichteisenmetalle, besonders geeignet f\u00fcr weichere Metalle, wie reines Aluminium, Blei, Zinn, etc.<\/li>\n<li style=\"font-weight: 400;\">Es kann zur Messung der H\u00e4rte einiger nichtmetallischer Materialien verwendet werden, wie z.B. Hartplastik, Bakelit usw.<\/li>\n<\/ol>\n<table>\n<tbody>\n<tr>\n<td>\n<h1><strong>Technische Parameter:<\/strong><\/h1>\n<\/td>\n<\/tr>\n<\/tbody>\n<\/table>\n<table>\n<tbody>\n<tr>\n<td width=\"138\">Modell des Produkts<\/td>\n<td width=\"450\">PCHBS-3000Z<\/td>\n<\/tr>\n<tr>\n<td width=\"138\">Brinell Lineal<\/td>\n<td width=\"450\">HBW2.5\/62.5 HBW2.5\/187.5 HBW5\/62.5 HBW5\/125 HBW5\/250 HBW5\/750 HBW10\/100\u3001 HBW10\/250 HBW10\/500 HBW10\/1000 HBW10\/1500 HBW10\/3000<\/td>\n<\/tr>\n<tr>\n<td width=\"138\">Test Kraft<\/td>\n<td width=\"450\">62.5kgf(612.9N)100kgf(980.7N)125kgf(1226N)187.5kgf(1839N)250kgf(2452N)500kgf(4903N)750kgf(7355N)1000kgf(8907N)1500kgf(14710N)3000kgf(29420N)<\/td>\n<\/tr>\n<tr>\n<td width=\"138\">Ladekontrolle<\/td>\n<td width=\"450\">Automatisch (Laden\/Halten\/Entladen)<\/td>\n<\/tr>\n<tr>\n<td width=\"138\">Maximale H\u00f6he des Exemplars<\/td>\n<td width=\"450\">220mm<\/td>\n<\/tr>\n<tr>\n<td width=\"138\">Abstand zwischen Eindringk\u00f6rper und Au\u00dfenwand<\/td>\n<td width=\"450\">135mm<\/td>\n<\/tr>\n<tr>\n<td width=\"138\">Abstand Eindringk\u00f6rper - obere Wand<\/td>\n<td width=\"450\">55mm\uff08Der Abstand zwischen dem Eindringk\u00f6rper und der oberen Maschinenwand kann durch Anpassung des Eindringk\u00f6rpers vergr\u00f6\u00dfert werden \uff09<\/td>\n<\/tr>\n<tr>\n<td width=\"138\">Kleinste Ma\u00dfeinheit<\/td>\n<td width=\"450\">0.125um<\/td>\n<\/tr>\n<tr>\n<td width=\"138\">Verweilzeit<\/td>\n<td width=\"450\">0~60s<\/td>\n<\/tr>\n<tr>\n<td width=\"138\">H\u00e4rte-Testbereich<\/td>\n<td width=\"450\">8~650HBW<\/td>\n<\/tr>\n<tr>\n<td width=\"138\">T\u00fcrmchen<\/td>\n<td width=\"450\">Automatischer Revolver<\/td>\n<\/tr>\n<tr>\n<td width=\"138\">H\u00e4rteanzeige<\/td>\n<td width=\"450\">PCAutomatische H\u00e4rtemessung<\/td>\n<\/tr>\n<tr>\n<td width=\"138\">Fehlerkorrektur<\/td>\n<td width=\"450\">Das System kalibriert die H\u00e4rte zu jeder Zeit<\/td>\n<\/tr>\n<tr>\n<td width=\"138\">Qualifiziertes Urteil<\/td>\n<td width=\"450\">Der qualifizierte Bereich kann eingestellt werden, und das Ger\u00e4t erinnert automatisch daran, ob er qualifiziert ist<\/td>\n<\/tr>\n<tr>\n<td width=\"138\">Gesamtvergr\u00f6\u00dferung<\/td>\n<td width=\"450\">20X<\/td>\n<\/tr>\n<tr>\n<td width=\"138\">Exekutive Standard<\/td>\n<td width=\"450\">EN ISO 6506, , ASTM E-10-08, GB\/T231.2\uff0cJJG150 -2005<\/td>\n<\/tr>\n<tr>\n<td width=\"138\">Datenausgabe<\/td>\n<td width=\"450\">Der Computer speichert die Testdaten direkt<\/td>\n<\/tr>\n<tr>\n<td width=\"138\">Stromzufuhr<\/td>\n<td width=\"450\">AC220<u>+<\/u>5%,50~60Hz<\/td>\n<\/tr>\n<tr>\n<td width=\"138\">Gesamtgr\u00f6\u00dfe (mm)<\/td>\n<td width=\"450\">520*210*745mm<\/td>\n<\/tr>\n<tr>\n<td width=\"138\">Host Gewicht<\/td>\n<td width=\"450\">Etwa 125kg<\/td>\n<\/tr>\n<\/tbody>\n<\/table>","protected":false},"excerpt":{"rendered":"<p data-start=\"118\" data-end=\"188\"><strong data-start=\"118\" data-end=\"186\">PCHBST-3000Z Visueller Touchscreen Digitales Brinell-H\u00e4rtepr\u00fcfger\u00e4t<\/strong><\/p>\n<p data-start=\"190\" data-end=\"488\">Die <strong data-start=\"194\" data-end=\"210\">PCHBST-3000Z<\/strong> kombiniert Pr\u00e4zision, Automatisierung und Benutzerfreundlichkeit f\u00fcr eine effiziente H\u00e4rtepr\u00fcfung. Ausgestattet mit <strong data-start=\"301\" data-end=\"331\">Anzeige des visuellen Einzugs<\/strong> und <strong data-start=\"336\" data-end=\"370\">automatische H\u00e4rtemessung<\/strong>, erm\u00f6glicht die \u00dcberwachung in Echtzeit \u00fcber ein Touch-Tablet oder einen PC, mit <strong data-start=\"438\" data-end=\"485\">automatische Datenspeicherung und Berichterstellung<\/strong>.<\/p>\n<p data-start=\"490\" data-end=\"946\">Ausgestattet mit <strong data-start=\"504\" data-end=\"539\">photoelektrische Sensorik<\/strong>, <strong data-start=\"541\" data-end=\"575\">Hochleistungs-Schrittmotor<\/strong>, und <strong data-start=\"581\" data-end=\"608\">LED optische Messung<\/strong>, stellt der Pr\u00fcfer sicher <strong data-start=\"629\" data-end=\"677\">pr\u00e4zises, stabiles und erm\u00fcdungsfreies Arbeiten<\/strong>. Benutzer k\u00f6nnen einfach Testparameter ausw\u00e4hlen, Ergebnisse \u00fcberwachen und mit nur einem Fingertipp Umrechnungen in mehrere Einheiten vornehmen. Das System unterst\u00fctzt <strong data-start=\"809\" data-end=\"868\">Automatisches Laden, Halten, Entladen und Kompensieren<\/strong>, und enth\u00e4lt eine <strong data-start=\"886\" data-end=\"943\">Not-Aus f\u00fcr die Einhaltung der Sicherheitsvorschriften (EU CE-Norm)<\/strong>.<\/p>\n<p data-start=\"948\" data-end=\"1294\">Mit einer <strong data-start=\"955\" data-end=\"978\">langlebige, gegossene Schale<\/strong> und <strong data-start=\"983\" data-end=\"1028\">Kratzfeste Autolackierung<\/strong>, arbeitet es zuverl\u00e4ssig in anspruchsvollen Umgebungen. Sein breites Pr\u00fcfspektrum umfasst <strong data-start=\"1108\" data-end=\"1144\">Metalle mit gro\u00dfen Kristallk\u00f6rnern<\/strong>, einschlie\u00dflich Gusseisen, Stahl, Nichteisenmetalle und weichere Metalle wie Aluminium, Blei und Zinn, sowie bestimmte <strong data-start=\"1261\" data-end=\"1291\">Hartplastik und Bakelit<\/strong>.<\/p>","protected":false},"featured_media":29665,"comment_status":"open","ping_status":"closed","template":"","meta":[],"product_brand":[],"product_cat":[75,70],"product_tag":[105],"class_list":{"0":"post-29668","1":"product","2":"type-product","3":"status-publish","4":"has-post-thumbnail","6":"product_cat-brinell-hardness-tester","7":"product_cat-hardness-tester","8":"product_tag-brinell-hardness-tester","10":"first","11":"instock","12":"shipping-taxable","13":"product-type-simple"},"yoast_head":"<!-- This site is optimized with the Yoast SEO Premium plugin v25.4 (Yoast SEO v27.4) - https:\/\/yoast.com\/product\/yoast-seo-premium-wordpress\/ -->\n<title>(PCHBST-3000Z )Visual touch screen digital Brinell hardness tester - hardnesstests<\/title>\n<meta name=\"robots\" content=\"index, follow, max-snippet:-1, max-image-preview:large, max-video-preview:-1\" \/>\n<link rel=\"canonical\" href=\"https:\/\/hardnesstests.com\/de_de_formal\/produkt\/pchbst-3000z-visual-touch-screen-digital-brinell-hardness-tester\/\" \/>\n<meta property=\"og:locale\" content=\"de_DE\" \/>\n<meta property=\"og:type\" content=\"article\" \/>\n<meta property=\"og:title\" content=\"(PCHBST-3000Z )Visual touch screen digital Brinell hardness tester\" \/>\n<meta property=\"og:description\" content=\"PCHBST-3000Z Visual Touch Screen Digital Brinell Hardness Tester The PCHBST-3000Z combines precision, automation, and ease of use for efficient hardness testing. Featuring visual indentation display and automatic hardness measurement, it allows real-time monitoring through a touch tablet or PC, with automatic data saving and report generation. Equipped with photoelectric sensor technology, high-performance stepper motor, and LED optical measurement, the tester ensures accurate, stable, and fatigue-free operation. Users can easily select test parameters, monitor results, and perform multi-unit conversions with just a tap. The system supports automatic loading, holding, unloading, and compensation, and includes an emergency stop for safety compliance (EU CE standard). With a durable, cast shell and scratch-resistant automotive paint finish, it operates reliably in demanding environments. Its wide testing range covers metals with large crystal grains, including cast iron, steel, non-ferrous metals, and softer metals like aluminum, lead, and tin, as well as certain hard plastics and bakelite.\" \/>\n<meta property=\"og:url\" content=\"https:\/\/hardnesstests.com\/de_de_formal\/produkt\/pchbst-3000z-visual-touch-screen-digital-brinell-hardness-tester\/\" \/>\n<meta property=\"og:site_name\" content=\"hardnesstests\" \/>\n<meta property=\"article:modified_time\" content=\"2025-11-27T06:06:02+00:00\" \/>\n<meta property=\"og:image\" content=\"https:\/\/hardnesstests.com\/wp-content\/uploads\/2025\/11\/PCHBST-3000Z\u53ef\u89c6\u89e6\u6478\u5c4f\u6570\u5b57\u5e03\u6c0f\u786c\u5ea6\u8ba1-1.jpg\" \/>\n\t<meta property=\"og:image:width\" content=\"800\" \/>\n\t<meta property=\"og:image:height\" content=\"800\" \/>\n\t<meta property=\"og:image:type\" content=\"image\/jpeg\" \/>\n<meta name=\"twitter:card\" content=\"summary_large_image\" \/>\n<meta name=\"twitter:label1\" content=\"Gesch\u00e4tzte Lesezeit\" \/>\n\t<meta name=\"twitter:data1\" content=\"4\u00a0Minuten\" \/>\n<script type=\"application\/ld+json\" class=\"yoast-schema-graph\">{\"@context\":\"https:\\\/\\\/schema.org\",\"@graph\":[{\"@type\":\"WebPage\",\"@id\":\"https:\\\/\\\/hardnesstests.com\\\/product\\\/pchbst-3000z-visual-touch-screen-digital-brinell-hardness-tester\\\/\",\"url\":\"https:\\\/\\\/hardnesstests.com\\\/product\\\/pchbst-3000z-visual-touch-screen-digital-brinell-hardness-tester\\\/\",\"name\":\"(PCHBST-3000Z )Visual touch screen digital Brinell hardness tester - hardnesstests\",\"isPartOf\":{\"@id\":\"https:\\\/\\\/hardnesstests.com\\\/tr\\\/#website\"},\"primaryImageOfPage\":{\"@id\":\"https:\\\/\\\/hardnesstests.com\\\/product\\\/pchbst-3000z-visual-touch-screen-digital-brinell-hardness-tester\\\/#primaryimage\"},\"image\":{\"@id\":\"https:\\\/\\\/hardnesstests.com\\\/product\\\/pchbst-3000z-visual-touch-screen-digital-brinell-hardness-tester\\\/#primaryimage\"},\"thumbnailUrl\":\"https:\\\/\\\/hardnesstests.com\\\/wp-content\\\/uploads\\\/2025\\\/11\\\/PCHBST-3000Z\u53ef\u89c6\u89e6\u6478\u5c4f\u6570\u5b57\u5e03\u6c0f\u786c\u5ea6\u8ba1-1.jpg\",\"datePublished\":\"2025-11-26T07:36:20+00:00\",\"dateModified\":\"2025-11-27T06:06:02+00:00\",\"breadcrumb\":{\"@id\":\"https:\\\/\\\/hardnesstests.com\\\/product\\\/pchbst-3000z-visual-touch-screen-digital-brinell-hardness-tester\\\/#breadcrumb\"},\"inLanguage\":\"de\",\"potentialAction\":[{\"@type\":\"ReadAction\",\"target\":[\"https:\\\/\\\/hardnesstests.com\\\/product\\\/pchbst-3000z-visual-touch-screen-digital-brinell-hardness-tester\\\/\"]}]},{\"@type\":\"ImageObject\",\"inLanguage\":\"de\",\"@id\":\"https:\\\/\\\/hardnesstests.com\\\/product\\\/pchbst-3000z-visual-touch-screen-digital-brinell-hardness-tester\\\/#primaryimage\",\"url\":\"https:\\\/\\\/hardnesstests.com\\\/wp-content\\\/uploads\\\/2025\\\/11\\\/PCHBST-3000Z\u53ef\u89c6\u89e6\u6478\u5c4f\u6570\u5b57\u5e03\u6c0f\u786c\u5ea6\u8ba1-1.jpg\",\"contentUrl\":\"https:\\\/\\\/hardnesstests.com\\\/wp-content\\\/uploads\\\/2025\\\/11\\\/PCHBST-3000Z\u53ef\u89c6\u89e6\u6478\u5c4f\u6570\u5b57\u5e03\u6c0f\u786c\u5ea6\u8ba1-1.jpg\",\"width\":800,\"height\":800,\"caption\":\"(PCHBST-3000Z )Visual touch screen digital Brinell hardness tester\"},{\"@type\":\"BreadcrumbList\",\"@id\":\"https:\\\/\\\/hardnesstests.com\\\/product\\\/pchbst-3000z-visual-touch-screen-digital-brinell-hardness-tester\\\/#breadcrumb\",\"itemListElement\":[{\"@type\":\"ListItem\",\"position\":1,\"name\":\"\u9996\u9875\",\"item\":\"https:\\\/\\\/hardnesstests.com\\\/\"},{\"@type\":\"ListItem\",\"position\":2,\"name\":\"products\",\"item\":\"https:\\\/\\\/hardnesstests.com\\\/products\\\/\"},{\"@type\":\"ListItem\",\"position\":3,\"name\":\"(PCHBST-3000Z )Visual touch screen digital Brinell hardness tester\"}]},{\"@type\":\"WebSite\",\"@id\":\"https:\\\/\\\/hardnesstests.com\\\/tr\\\/#website\",\"url\":\"https:\\\/\\\/hardnesstests.com\\\/tr\\\/\",\"name\":\"hardnesstests\",\"description\":\"\",\"publisher\":{\"@id\":\"https:\\\/\\\/hardnesstests.com\\\/tr\\\/#organization\"},\"potentialAction\":[{\"@type\":\"SearchAction\",\"target\":{\"@type\":\"EntryPoint\",\"urlTemplate\":\"https:\\\/\\\/hardnesstests.com\\\/tr\\\/?s={search_term_string}\"},\"query-input\":{\"@type\":\"PropertyValueSpecification\",\"valueRequired\":true,\"valueName\":\"search_term_string\"}}],\"inLanguage\":\"de\"},{\"@type\":\"Organization\",\"@id\":\"https:\\\/\\\/hardnesstests.com\\\/tr\\\/#organization\",\"name\":\"hardnesstests\",\"url\":\"https:\\\/\\\/hardnesstests.com\\\/tr\\\/\",\"logo\":{\"@type\":\"ImageObject\",\"inLanguage\":\"de\",\"@id\":\"https:\\\/\\\/hardnesstests.com\\\/tr\\\/#\\\/schema\\\/logo\\\/image\\\/\",\"url\":\"https:\\\/\\\/hardnesstests.com\\\/wp-content\\\/uploads\\\/2021\\\/08\\\/\u5fae\u4fe1\u56fe\u7247_20251029102004_335_1287.png\",\"contentUrl\":\"https:\\\/\\\/hardnesstests.com\\\/wp-content\\\/uploads\\\/2021\\\/08\\\/\u5fae\u4fe1\u56fe\u7247_20251029102004_335_1287.png\",\"width\":1308,\"height\":467,\"caption\":\"hardnesstests\"},\"image\":{\"@id\":\"https:\\\/\\\/hardnesstests.com\\\/tr\\\/#\\\/schema\\\/logo\\\/image\\\/\"}}]}<\/script>\n<!-- \/ Yoast SEO Premium plugin. -->","yoast_head_json":{"title":"(PCHBST-3000Z )Visual touch screen digital Brinell hardness tester - hardnesstests","robots":{"index":"index","follow":"follow","max-snippet":"max-snippet:-1","max-image-preview":"max-image-preview:large","max-video-preview":"max-video-preview:-1"},"canonical":"https:\/\/hardnesstests.com\/de_de_formal\/produkt\/pchbst-3000z-visual-touch-screen-digital-brinell-hardness-tester\/","og_locale":"de_DE","og_type":"article","og_title":"(PCHBST-3000Z )Visual touch screen digital Brinell hardness tester","og_description":"PCHBST-3000Z Visual Touch Screen Digital Brinell Hardness Tester The PCHBST-3000Z combines precision, automation, and ease of use for efficient hardness testing. Featuring visual indentation display and automatic hardness measurement, it allows real-time monitoring through a touch tablet or PC, with automatic data saving and report generation. Equipped with photoelectric sensor technology, high-performance stepper motor, and LED optical measurement, the tester ensures accurate, stable, and fatigue-free operation. Users can easily select test parameters, monitor results, and perform multi-unit conversions with just a tap. The system supports automatic loading, holding, unloading, and compensation, and includes an emergency stop for safety compliance (EU CE standard). With a durable, cast shell and scratch-resistant automotive paint finish, it operates reliably in demanding environments. Its wide testing range covers metals with large crystal grains, including cast iron, steel, non-ferrous metals, and softer metals like aluminum, lead, and tin, as well as certain hard plastics and bakelite.","og_url":"https:\/\/hardnesstests.com\/de_de_formal\/produkt\/pchbst-3000z-visual-touch-screen-digital-brinell-hardness-tester\/","og_site_name":"hardnesstests","article_modified_time":"2025-11-27T06:06:02+00:00","og_image":[{"width":800,"height":800,"url":"https:\/\/hardnesstests.com\/wp-content\/uploads\/2025\/11\/PCHBST-3000Z\u53ef\u89c6\u89e6\u6478\u5c4f\u6570\u5b57\u5e03\u6c0f\u786c\u5ea6\u8ba1-1.jpg","type":"image\/jpeg"}],"twitter_card":"summary_large_image","twitter_misc":{"Gesch\u00e4tzte Lesezeit":"4\u00a0Minuten"},"schema":{"@context":"https:\/\/schema.org","@graph":[{"@type":"WebPage","@id":"https:\/\/hardnesstests.com\/product\/pchbst-3000z-visual-touch-screen-digital-brinell-hardness-tester\/","url":"https:\/\/hardnesstests.com\/product\/pchbst-3000z-visual-touch-screen-digital-brinell-hardness-tester\/","name":"(PCHBST-3000Z )Visual touch screen digital Brinell hardness tester - hardnesstests","isPartOf":{"@id":"https:\/\/hardnesstests.com\/tr\/#website"},"primaryImageOfPage":{"@id":"https:\/\/hardnesstests.com\/product\/pchbst-3000z-visual-touch-screen-digital-brinell-hardness-tester\/#primaryimage"},"image":{"@id":"https:\/\/hardnesstests.com\/product\/pchbst-3000z-visual-touch-screen-digital-brinell-hardness-tester\/#primaryimage"},"thumbnailUrl":"https:\/\/hardnesstests.com\/wp-content\/uploads\/2025\/11\/PCHBST-3000Z\u53ef\u89c6\u89e6\u6478\u5c4f\u6570\u5b57\u5e03\u6c0f\u786c\u5ea6\u8ba1-1.jpg","datePublished":"2025-11-26T07:36:20+00:00","dateModified":"2025-11-27T06:06:02+00:00","breadcrumb":{"@id":"https:\/\/hardnesstests.com\/product\/pchbst-3000z-visual-touch-screen-digital-brinell-hardness-tester\/#breadcrumb"},"inLanguage":"de","potentialAction":[{"@type":"ReadAction","target":["https:\/\/hardnesstests.com\/product\/pchbst-3000z-visual-touch-screen-digital-brinell-hardness-tester\/"]}]},{"@type":"ImageObject","inLanguage":"de","@id":"https:\/\/hardnesstests.com\/product\/pchbst-3000z-visual-touch-screen-digital-brinell-hardness-tester\/#primaryimage","url":"https:\/\/hardnesstests.com\/wp-content\/uploads\/2025\/11\/PCHBST-3000Z\u53ef\u89c6\u89e6\u6478\u5c4f\u6570\u5b57\u5e03\u6c0f\u786c\u5ea6\u8ba1-1.jpg","contentUrl":"https:\/\/hardnesstests.com\/wp-content\/uploads\/2025\/11\/PCHBST-3000Z\u53ef\u89c6\u89e6\u6478\u5c4f\u6570\u5b57\u5e03\u6c0f\u786c\u5ea6\u8ba1-1.jpg","width":800,"height":800,"caption":"(PCHBST-3000Z )Visual touch screen digital Brinell hardness tester"},{"@type":"BreadcrumbList","@id":"https:\/\/hardnesstests.com\/product\/pchbst-3000z-visual-touch-screen-digital-brinell-hardness-tester\/#breadcrumb","itemListElement":[{"@type":"ListItem","position":1,"name":"\u9996\u9875","item":"https:\/\/hardnesstests.com\/"},{"@type":"ListItem","position":2,"name":"products","item":"https:\/\/hardnesstests.com\/products\/"},{"@type":"ListItem","position":3,"name":"(PCHBST-3000Z )Visual touch screen digital Brinell hardness tester"}]},{"@type":"WebSite","@id":"https:\/\/hardnesstests.com\/tr\/#website","url":"https:\/\/hardnesstests.com\/tr\/","name":"hardnesstests","description":"","publisher":{"@id":"https:\/\/hardnesstests.com\/tr\/#organization"},"potentialAction":[{"@type":"SearchAction","target":{"@type":"EntryPoint","urlTemplate":"https:\/\/hardnesstests.com\/tr\/?s={search_term_string}"},"query-input":{"@type":"PropertyValueSpecification","valueRequired":true,"valueName":"search_term_string"}}],"inLanguage":"de"},{"@type":"Organization","@id":"https:\/\/hardnesstests.com\/tr\/#organization","name":"hardnesstests","url":"https:\/\/hardnesstests.com\/tr\/","logo":{"@type":"ImageObject","inLanguage":"de","@id":"https:\/\/hardnesstests.com\/tr\/#\/schema\/logo\/image\/","url":"https:\/\/hardnesstests.com\/wp-content\/uploads\/2021\/08\/\u5fae\u4fe1\u56fe\u7247_20251029102004_335_1287.png","contentUrl":"https:\/\/hardnesstests.com\/wp-content\/uploads\/2021\/08\/\u5fae\u4fe1\u56fe\u7247_20251029102004_335_1287.png","width":1308,"height":467,"caption":"hardnesstests"},"image":{"@id":"https:\/\/hardnesstests.com\/tr\/#\/schema\/logo\/image\/"}}]}},"_links":{"self":[{"href":"https:\/\/hardnesstests.com\/de_de_formal\/wp-json\/wp\/v2\/product\/29668","targetHints":{"allow":["GET"]}}],"collection":[{"href":"https:\/\/hardnesstests.com\/de_de_formal\/wp-json\/wp\/v2\/product"}],"about":[{"href":"https:\/\/hardnesstests.com\/de_de_formal\/wp-json\/wp\/v2\/types\/product"}],"replies":[{"embeddable":true,"href":"https:\/\/hardnesstests.com\/de_de_formal\/wp-json\/wp\/v2\/comments?post=29668"}],"version-history":[{"count":3,"href":"https:\/\/hardnesstests.com\/de_de_formal\/wp-json\/wp\/v2\/product\/29668\/revisions"}],"predecessor-version":[{"id":29712,"href":"https:\/\/hardnesstests.com\/de_de_formal\/wp-json\/wp\/v2\/product\/29668\/revisions\/29712"}],"wp:featuredmedia":[{"embeddable":true,"href":"https:\/\/hardnesstests.com\/de_de_formal\/wp-json\/wp\/v2\/media\/29665"}],"wp:attachment":[{"href":"https:\/\/hardnesstests.com\/de_de_formal\/wp-json\/wp\/v2\/media?parent=29668"}],"wp:term":[{"taxonomy":"product_brand","embeddable":true,"href":"https:\/\/hardnesstests.com\/de_de_formal\/wp-json\/wp\/v2\/product_brand?post=29668"},{"taxonomy":"product_cat","embeddable":true,"href":"https:\/\/hardnesstests.com\/de_de_formal\/wp-json\/wp\/v2\/product_cat?post=29668"},{"taxonomy":"product_tag","embeddable":true,"href":"https:\/\/hardnesstests.com\/de_de_formal\/wp-json\/wp\/v2\/product_tag?post=29668"}],"curies":[{"name":"wp","href":"https:\/\/api.w.org\/{rel}","templated":true}]}}